 8*z - 9*z + 16*z**3 - 8*z**3 + z**2 - 14. Determine d(0).
-14
Let w(r) be the first derivative of -3*r - 1/2*r**2 - 13. Give w(-3).
0
Let t(b) = b**2 + 2*b + 6. Let k(v) = v**2 + v + 5. Let c(l) = -2*k(l) + 3*t(l). Let h be c(-2). Let j(i) = -i**3 + 4*i**2 - 2*i + 2. Determine j(h).
-6
Let v(g) be the first derivative of g**4/4 + 2*g**3 + 9*g**2/2 - g - 14. Let d be v(-4). Let n(z) = z**2 + 4*z - 5. Give n(d).
0
Suppose -13*r + 12*r = -10. Let l(h) = -h**2 + 9*h + 7. What is l(r)?
-3
Suppose -4*a - 5*j - 5 = 9, -4*j = 5*a + 22. Let r(u) = u. Determine r(a).
-6
Let b(r) be the first derivative of -r**3/3 - 3*r**2/2 - 329. What is b(-5)?
-10
Suppose -s = -3*z + 14 - 5, 0 = -3*s - 2*z - 16. Let r(n) = -3*n - 2 + 7 + 4*n + 2. What is r(s)?
1
Let d(v) = -3*v. Let a(j) = 6*j + 1. Let w(q) = -6*a(q) - 10*d(q). Let g(b) = b + 1. Let h(z) = 4*g(z) + w(z). Let r be (-6)/(-14)*(-14)/(-18)*6. Give h(r).
-6
Let o be (-1)/((-20)/(-32)*4/(-30)). Suppose 0 = 17*g - o*g + 10. Let h(p) = -p**3 - 4*p**2 - 4*p - 2. Give h(g).
-2
Let w(v) = v**2 - 5*v - 2. Suppose 48 + 12 = 2*u. Let x be (3 - (4 + -6))*1. Suppose x*y - 2*r = u, 2*y - 3*r = 11 + 12. Determine w(y).
-6
Let a(i) = 4*i**2 + 59*i - 94. Let p be a(-16). Let o(r) = -r + 14. Determine o(p).
28
Let b(c) = -c**2 - 5*c + 2. Let w = -2 + 33. Let q = -34 + w. What is b(q)?
8
Let f(c) = 7*c - 34. Let d(p) = -11*p + 53. Let m(x) = -5*d(x) - 8*f(x). Let a be 2/3 - (-19)/3. Determine m(a).
0
Let a(c) be the first derivative of -c**4/4 + 7*c**3/3 - 4*c**2 + 8*c - 294. Calculate a(6).
-4
Let t(k) = -6*k**3 + k**2 + 2*k + 1. Suppose 2*j = -4*v - 14, v - 12 = 5*v + 4*j. Let d = v + 3. Give t(d).
6
Let i(m) be the third derivative of -2*m**2 + 0*m + 1/360*m**6 - 1/6*m**3 - 1/30*m**5 + 0 + 1/8*m**4. Let y(c) be the first derivative of i(c). Calculate y(4).
3
Let k(u) be the first derivative of 11*u**2/2 - 2*u + 61. Determine k(1).
9
Let n = -18 - -20. Suppose 0 = 2*f + n. Let t(j) = j**2 - j - 2. Let b be t(f). Let u(m) = -m**3 + m**2 - 5. Determine u(b).
-5
Suppose 4*u + s = -s + 6, 3*s + 9 = 0. Let v be u + (-4 - 0) - 1. Let z(p) = p**2 - 2*p - 3. Give z(v).
5
Let y(q) = q**3 - 3*q**2 - 4*q + 1. Suppose -102 = -13*p - 37. Let j be (14/105*-12)/((-2)/p). Give y(j).
1
Let n(r) be the first derivative of 2*r**2 + 37*r + 309. Calculate n(-8).
5
Let j(m) be the second derivative of 4/3*m**3 - 3*m**2 - 1/12*m**4 + 0 - m. Determine j(7).
1
Suppose -9 = 4*c - 7*c. Let q(z) = -24 + 24 - c*z**2 - 11*z**2. Determine q(-1).
-14
Let s = -39 + 41. Let n(k) = 56 + s*k - 56 - 4*k. Give n(4).
-8
Let j(h) be the third derivative of -1/3*h**3 + 12*h**2 + 1/8*h**4 + 0 + 0*h + 1/60*h**5. Determine j(-2).
-4
Let z be (-173)/7 - (-4)/(-14). Let m = z - -25. Suppose 3*a = 12 - m. Let n(w) = w**3 - 5*w**2 + 4*w + 2. Give n(a).
2
Let c(l) = l**2. Let m(s) be the third derivative of -s**6/120 + s**5/5 + s**4/3 - 3*s**3/2 + 16*s**2. Let r(g) = 5*c(g) - m(g). What is r(8)?
9
Suppose 2*v + 2*v = 3*l + 4, -32 = -4*l - 4*v. Suppose 3*z + 5*g = 9, 2*g - 7*g + 1 = 2*z. Let u(i) = 9 - 5 - z + 2*i. Determine u(l).
4
Let y(z) be the second derivative of 1/6*z**3 + 1/20*z**5 + 0 + 0*z**2 - 28*z - 5/12*z**4. Calculate y(5).
5
Let n(v) be the second derivative of v**6/120 - v**5/10 + v**3/2 + 17*v**2/2 - 6*v. Let p(i) be the first derivative of n(i). Determine p(6).
3
Suppose 6*d = 5*k + 8*d - 15, 4*k = -3*d + 19. Let h(q) = -3*q - 15*q - 7 + 8. What is h(k)?
-17
Let m(t) = -5*t**2 + 2*t - 5. Let k(q) = -15*q**2 + 7*q - 17. Let b(n) = 2*k(n) - 7*m(n). Give b(-1).
6
Let p(s) = -s**3 + 3*s**2 + 2*s + 2. Let q be p(4). Let i(z) = 14*z**2 - 13*z**2 + 98*z + 3 + 106*z - 196*z. Determine i(q).
-9
Let y(h) = -150*h**2 - 5 + 18*h + 149*h**2 + 3 - 5. Give y(17).
10
Suppose 708*y - 84 = 720*y. Let l(a) be the third derivative of a**6/120 + 2*a**5/15 + a**4/4 - 5*a**3/6 - a**2. Calculate l(y).
2
Let q be (-3 - 17)*(-4 - -3). Suppose -i + q = 3*i. Let f(g) = g**2 - 8*g + 6. Calculate f(i).
-9
Let l be (-7)/(21/12) - (-1 + 5). Let v(r) = -r**2 - 5*r + 3. Give v(l).
-21
Let z(f) = 5*f**2 + 1. Suppose 17 = q + 31. Let r be 8/48 - q/(-12). Calculate z(r).
6
Let r(t) = 2*t - 1. Let p = 43 - 76. Let w(q) = -15*q + 9. Let i(o) = p*r(o) - 4*w(o). What is i(-3)?
15
Suppose 0 = 19*z + 118 - 23. Let o(k) = k + 7. What is o(z)?
2
Let g(s) = -4*s + 2*s**2 + 8 + s**2 + 2*s - 21 + 11. What is g(-4)?
54
Let w(d) = 12*d + 2*d - 2*d - d + 3 - 7*d. Let u be 10/(-4) - 1/(-2). Calculate w(u).
-5
Let j(k) = 741*k**2 + 766*k**2 - 1500*k**2. Determine j(-1).
7
Let d(n) = 18*n + 19. Let v(t) = -8*t. Let o(i) = -d(i) - 2*v(i). Calculate o(0).
-19
Let n(i) = i**3 + i**2 + 6. Let l = 248 + -58. Let v be 4/(-18) + (l/45 - 4). Give n(v).
6
Suppose 2*r = -5*r + 35. Let f(v) = v**3 - 6*v**2 + 2*v + 3. Calculate f(r).
-12
Let z(n) = 4*n**3 + 5*n**2. Let g(d) = -7*d**3 - 10*d**2 - d - 1. Let q(i) = -3*g(i) - 5*z(i). Let b = -20 + 29. Suppose -1 = 2*k + b. What is q(k)?
-12
Suppose 28*y = 33*y - 15. Let z(q) be the third derivative of 5/6*q**y + 0 + 0*q + 1/24*q**4 - q**2. Determine z(-5).
0
Let v(z) = 4*z**2 - 10*z + 14. Let f(x) = -11*x**2 + 30*x - 41. Let o(l) = -3*f(l) - 8*v(l). Let y(a) = 16*a - 7. Let c be y(1). Determine o(c).
2
Let m(k) be the second derivative of -27*k**5/10 + k**4/12 - k**3/6 + 7*k - 7. Determine m(1).
-54
Let k be (-12)/12*(1 + -1). Let m be -1*(2 + k)*-1. Let t(h) = -2*h + 5*h + 4*h - m*h - 1. What is t(-1)?
-6
Let k(s) = s**2 - 4*s + 3. Suppose -3*m + 2*q + 10 = -0*q, -4*q = 8. Suppose -7*u = -m*u - 15. Suppose 12 = 3*z + 4*a - a, -4*z = -u*a - 2. Calculate k(z).
-1
Suppose 120 - 6 = 57*g. Let a(x) be the first derivative of 3/2*x**g + 6*x - 2. Calculate a(-4).
-6
Let n = 143 + -81. Let p = -64 + n. Let j(l) be the first derivative of l**4/4 + l**3 - 2*l - 3. Calculate j(p).
2
Let p(s) be the third derivative of s**4/6 + 5*s**3/3 - 15*s**2. Determine p(-6).
-14
Let t(l) = -l**2 + 5. Suppose -21 + 5 = -4*p - 4*b, -5*p - b + 4 = 0. Give t(p).
5
Let c(o) = o**3 - 20*o**2 + 33*o + 57. Let a be c(18). Let s(u) = 2*u + 3. Let g(r) = -2*r - 4. Let w(i) = -6*g(i) - 7*s(i). Give w(a).
-3
Let j(l) be the second derivative of l**5/20 + l**4/4 - l**3/6 - l**2/2 - 15*l. Suppose 5*b + 5*c = -15, 4*b - 2*c + 19 = c. Give j(b).
-13
Let i = 87 + -89. Let q(t) = 3*t**2 + 20*t + 14. Let y(g) = -g**2 - 7*g - 5. Let k = -47 - -30. Let x(z) = k*y(z) - 6*q(z). Determine x(i).
-1
Let g(u) = u**3 - u**2 + u + 1. Let a(d) = -d**3 + 7*d**2 + 1. Let v(p) = -a(p) - 2*g(p). Determine v(-5).
7
Let k(n) be the second derivative of -n**5/20 - 7*n**4/12 - n**3 + 7*n**2/2 - 422*n. Let r(m) = m**3 + 5*m**2 - 6*m - 6. Let x be r(-6). Calculate k(x).
7
Let k(z) = 18*z - 13*z - 7*z + 5 + z. Let a(u) = u**2 - 6*u. Let o be a(6). Determine k(o).
5
Let d be 12/8 + 18/(-12). Let n(q) = -3*q**3 - q**2 + 2*q + 1. Let o(u) = 4*u**3 + 2*u**2 - 3*u - 1. Let l(i) = 3*n(i) + 2*o(i). Calculate l(d).
1
Let r(v) = 3*v + 2*v**2 + 3*v**2 - 1 - 4*v**2. Let o be (-11)/(-4) + 1/4. Let n = -7 + o. What is r(n)?
3
Suppose 8*p + 2 = 74. Let b(m) = p + 4*m - 5*m - 11. Calculate b(7).
-9
Let l(d) = 5*d + 11. Let a(m) = -3*m - 5. Let o(b) = 7*a(b) + 4*l(b). Give o(7).
2
Let j(c) = c**2 - c - 20. Let l be 1/(-2 + (-33)/(-15)). Suppose 2*i = -8, i + 6 = -l*s + 2. Calculate j(s).
-20
Let h(k) = 0*k**3 + k**3 + 5*k**3 - 1 - 12*k**3 + k**2. Suppose 3*n = n - 44. Let d = -23 - n. Determine h(d).
6
Let g(j) = 1700*j - 442. Let t(d) = 46*d - 12. Let i(o) = 6*g(o) - 221*t(o). Calculate i(1).
34
Suppose 17 = -8*y - 63. Let j(k) = -2*k - 17. Calculate j(y).
3
Let h(d) = d - 1. Let c = 2 - 7. Let i(j) be the first derivative of -j - 2. Let o(a) = c*h(a) + 6*i(a). Give o(-1).
4
Let q = -321 - -19261/60. Let t(u) be the third derivative of 0 + 0*u - 2/3*u**3 - u**2 + 1/12*u**4 - q*u**5. Calculate t(3).
-7
Let j(r) be the third derivative of r**6/120 - r**5/60 + r**4/24 - 7*r**3/6 + 177*r**2. Let c = 0 + 0. Give j(c).
-7
Let v = 3 + -1. Let w(h) = -36286 - 2*h - 3*h + 72568 - 36280. Give w(v).
-8
Suppose -31*s - 32 - 30 = 0. Let b(w) = -7*w**2 + 3*w + 2. Give b(s).
-32
Let s(y) = y**3 + 5*y**2 - y + 1. Let b(k) = 5*k + 7. Let f(u) = -6*u - 6. Let a(z) = -5*b(z) - 4*f(z). Suppose 5*i + 0*i = -30. Let n be a(i). Calculate s(n).
6
Let a(q) = -5*q +